f 17312 + 100/(-20) + (-1 - -1)?
7
Let n(b) = 6*b + 33*b**2 - 13*b**2 - 2 + 2*b - 16*b**2. What is the tens digit of n(18)?
3
Let c = 33139 + -18204. What is the thousands digit of c?
4
Suppose 6*i + f = 3*i + 18, 3*i = 5*f. What is the tens digit of 14/1*(i + 25)?
2
Suppose -16 - 18 = -2*l. Suppose 15*u + 672 = l*u. What is the tens digit of u/(-140)*(-10)/1?
2
Suppose 0 = -10*r + 6076 + 4624. Suppose -r - 3034 = -6*k. Suppose 13*y = 7*y + k. What is the hundreds digit of y?
1
Let o(i) = -2*i - 10*i - 3 + 14*i**2 + 0. Let a be o(-5). Suppose 4*d = -5*v + 7*d + 386, -5*v + a = 4*d. What is the units digit of v?
9
Suppose -2*m + 21*m = 37924. What is the units digit of m?
6
Suppose -8*y - 16 = -8. What is the hundreds digit of ((-2)/3)/(y + (-1830)/(-1836))?
2
What is the hundreds digit of (48/(-8) - -14) + 7728?
7
Let m be (-2)/3*(525/(-14) + 6). Suppose -4*c + 37725 = m*c. What is the units digit of c?
9
Suppose 0 = 3*p - 2*k - 5592, -32*p + 27*p - 2*k + 9352 = 0. What is the hundreds digit of p?
8
Suppose -3*o = 2*n + 11, 0 = -3*o - 7 - 8. Suppose 5*a = p - 523, 0*p + p + n*a - 537 = 0. What is the tens digit of p?
3
Let k = 52 + -26. Suppose 4*g - 282 - k = 0. Suppose -4*o = -g - 15. What is the units digit of o?
3
Let f(h) = -203*h - 130. Let r be f(-14). Let b = r - 1834. What is the hundreds digit of b?
8
Let t = -28 - -73. What is the hundreds digit of (714/(-4))/(t/(-120))?
4
Let q be (3 - 4) + 2 + -1. Suppose q*b - 544 = -b. Suppose 3*n + 2*x = 6*n - b, 362 = 2*n - x. What is the hundreds digit of n?
1
Suppose -8*t - 11*t = -22268. Let a = t + -355. What is the units digit of a?
7
Let m(a) = -49*a + 9. Let g be m(11). Let v = g - -876. What is the units digit of v?
6
Suppose -49*h + 34*h + 26*h = 17292. What is the thousands digit of h?
1
Suppose -3*c - 5*h + 324 = -c, 5*c + h = 833. Let j = c + -7. What is the hundreds digit of j?
1
Let m(j) = 4718*j**2 + 20*j - 143. What is the hundreds digit of m(3)?
3
Let j = 351 + -356. What is the hundreds digit of 6/4*j/15*-248?
1
Let z = 626 - 616. What is the hundreds digit of (-1868)/(1*1/((-5)/z))?
9
Let a = -866 - -860. Let p(d) = -5 - 3*d - 1 - 11*d - 1. What is the tens digit of p(a)?
7
Suppose -5*u - 2*u + 254700 = 5*u. What is the tens digit of u?
2
Let z be -54*((-12)/8 - -1). Suppose -z*i + 20 = -22*i. Suppose -4*x = f - 99, -f - i*f - 2*x = -405. What is the tens digit of f?
7
Let s(q) = q**3 - 2*q**2 - 2*q - 225. Suppose 5*t + m - 2 = 0, 3*t - 6 = -t - 3*m. Let x be s(t). Let n = 434 + x. What is the hundreds digit of n?
2
Let z(h) = 10*h**3 + 7*h**2 - 9*h + 4. Let n be z(-4). What is the hundreds digit of ((-45)/30)/(3/n)?
2
What is the units digit of -37131*5/(-225) + -3*6/135?
5
Suppose -p + 141 = 46*p. Let y = -4 - -7. Suppose 0 = 5*j - p*h - 172, -j - 2*h = -y*j + 68. What is the tens digit of j?
3
Suppose 146*u - 507144 - 1684608 = 0. What is the ten thousands digit of u?
1
Let u = 34 + -37. Let d(b) = -5*b - 11. Let z be d(u). Suppose 0 = -k + 3*g + 10, -z*g = -3*k - 6*g + 52. What is the tens digit of k?
1
Let r = 105 - 622. Let y = r + 562. What is the units digit of y?
5
Suppose 16*j + 8428 = 44*j. Let d = j + -143. What is the units digit of d?
8
Let x(b) = 7475*b**2 - 195*b + 194. What is the thousands digit of x(1)?
7
Suppose g - 77329 - 27799 = -5*c, -7*c = 2*g - 147175. What is the hundreds digit of c?
0
Let c(r) be the third derivative of 3*r**7/560 - 23*r**6/720 - 7*r**5/30 + r**2. Let f(k) be the third derivative of c(k). What is the tens digit of f(5)?
1
Let y be (-23)/(-3) - 7 - (-260)/6. Let l = -29 + 33. Suppose -s = -5*n + 429 - 104, -n = l*s - y. What is the tens digit of n?
6
Let b(q) = 2*q**2 - 15*q + 94. Suppose 8*v - 6 = 50. What is the tens digit of b(v)?
8
Let r(m) = 9*m**2 - m - 4. Let v be r(-4). Suppose 4*f + 4*h = -300, 18*h - 20*h = 4*f + 306. Let t = f + v. What is the tens digit of t?
6
Suppose -4*y - 2*d - 12 = -38, -3*d + 3 = 0. Suppose -4*w + 5*n + 36 = 0, y*w - w - 2*n = 62. Let o = w + 56. What is the tens digit of o?
7
Let m(s) = 19*s**3 - 7*s**2 + 18*s - 31. What is the thousands digit of m(8)?
9
Let t = 10 + -4. Suppose 18 = s + t. Suppose -s*w + 17*w = 270. What is the tens digit of w?
5
Let r be (634*2)/4 + 8 + -7. Suppose -2*i - k = -r, k - 2*k - 472 = -3*i. What is the tens digit of i?
5
Let s = -10918 - -17991. What is the units digit of s?
3
Suppose -3*h + k = -7 + 4, -21 = -3*h - 5*k. Suppose 0*p = 5*s - h*p - 367, 0 = 3*s - 2*p - 217. What is the units digit of s?
5
Let l(d) = d**3 - 3*d**2 - 4*d + 12. Let b be l(6). Suppose b = -5*f + 121. Suppose 5*k = -f*p + 680, p + p - 267 = -k. What is the tens digit of p?
3
Suppose 196712 = 4*q + 23*q + 40*q. What is the hundreds digit of q?
9
Suppose -5*f = -7*k + 11*k - 95209, -f - 7 = 0. What is the thousands digit of k?
3
Suppose -21 = -3*m - 33, -4*m = 3*q - 8477. What is the hundreds digit of q?
8
Let i(f) = 3*f**2 + 31. Let q(l) = 2*l**3 + 2*l**2 - 3. Let v be q(-2). What is the units digit of i(v)?
4
Let p(l) = -l**3 + l**2 + 2*l + 2. Let y be p(-3). Suppose -3 + 333 = 3*g. Let u = g - y. What is the units digit of u?
8
Suppose -20*j + 17*j + 21646 = 4*h, -3*j + 21626 = 8*h. What is the thousands digit of j?
7
Let u(x) = 976*x**3 - 4*x + 2. What is the hundreds digit of u(1)?
9
Suppose -3*f - 6 = -4*q, -5*f - 2 = -7*q + 3*q. What is the hundreds digit of 53/(-159) + 2143/q?
7
Let t(a) = -29*a - 19. Let x(z) = z**3 + 9*z**2 + 9*z - 16. Let j be x(-8). Let u be 20/6*j/20. What is the units digit of t(u)?
7
Let l = 5704 + -3981. Suppose -5*x = -402 - l. What is the units digit of x?
5
Let r(c) = 9639*c**2 + 41*c - 40. Let w be r(1). Suppose w - 2820 = 10*p. What is the hundreds digit of p?
6
Suppose -5*u - 1479 = -6644. What is the units digit of u?
3
What is the tens digit of (63 - 27)*(-1108)/(-6)?
4
Let r = -1685 - -1690. Suppose 0 = -2*y + 4*y - 2. What is the tens digit of 155 + -2 + r - y?
5
Suppose 5*y = -5*a + 275, 15*a - 3*y = 14*a + 35. Suppose 46*w = 4*h + a*w - 2372, h - 595 = -2*w. What is the units digit of h?
1
Let z(n) = 7*n**2 + 8*n - 7. Let h = -75 - -80. Let r be z(h). Suppose r = m + 41. What is the tens digit of m?
6
Let k = -4347 - -9227. What is the units digit of k?
0
Let l(q) = -5661*q**3 - 10*q**2 - 9*q - 3. What is the thousands digit of l(-1)?
5
Let t(a) = 2*a**3 + 9*a**2 - 7*a - 1. Let y be t(-5). What is the hundreds digit of (-12)/(-8)*2208/y?
3
Let a be -20*(44/10 + -5). Suppose a*b + 4959 = 21*b. Suppose -559 = -3*u - 4*r, -3*u - 2*r = -0*r - b. What is the units digit of u?
1
Let f(q) = -2*q**3 + 3*q**2 + 34*q + 8. Let p be f(-9). Let c = -46 + p. What is the units digit of c?
7
Let v(m) = m**3 + 18*m**2 + 2*m + 35. Suppose 2*g + b = 15 - 49, 4*g = 5*b - 82. Let p be v(g). What is the hundreds digit of -184*(0/(-4) + p)?
1
Suppose -52*p = -124163 - 1578161. What is the units digit of p?
7
Let v be (-10)/12 - 3134/12. Let w = 28 - v. What is the tens digit of w?
9
Let u(c) = c + 764*c**2 - 762*c**2 - 53 + 12*c. What is the units digit of u(-13)?
6
Let l(r) be the third derivative of -r**5/30 + r**4/4 + 25*r**3/6 - 2*r**2. Let c be l(8). Let x = 9 - c. What is the tens digit of x?
6
Suppose -2*z - 5*p = -0*p - 500, 4*p = -z + 244. Suppose -z - 673 = -3*h. What is the tens digit of h?
1
Let j be 14/(-3)*(-12)/8. Suppose -6*d + 31 = j. What is the tens digit of d/18 - 5005/(-117)?
4
Let j = 9843 - 5683. Suppose -j = 56*p - 66*p. What is the units digit of p?
6
Let d = 707 + 63. Suppose 107 = -3*y + d. What is the units digit of y?
1
Let m(k) = -k**3 + 104*k**2 - 54*k + 311. What is the tens digit of m(102)?
1
Suppose 0 = -5*b - 5*s + 60090, -3*b - 15*s + 11*s = -36049. What is the thousands digit of b?
2
Let v(i) be the second derivative of 7*i**4/12 - 2*i**3/3 - i**2 - 4*i. Suppose -14*p + 3*p + 44 = 0. What is the tens digit of v(p)?
9
Let w(p) = -p**2 - 13*p + 48. Let h be w(-15). Suppose h*z + 1528 = 22*z. What is the units digit of z?
2
Suppose 36*m - 40*m = -932. Suppose -4*k + 47 = b, 4*b + 2*k - m = k. What is the tens digit of b - (-10)/(3 - 5)?
5
Let u be (5 + -2 - 0) + 176*2. Let b(q) = -26*q + 8. Let l be b(-3). Suppose -3*d + l = -u. What is the hundreds digit of d?
1
Let c(b) = 2*b**3 - 15*b**2 - 16*b + 104. Let j be c(12). Let n = 1903